{"id":669,"date":"2015-06-24T15:08:18","date_gmt":"2015-06-24T15:08:18","guid":{"rendered":"http:\/\/radeksauer.com\/?page_id=669"},"modified":"2023-05-08T20:37:00","modified_gmt":"2023-05-08T20:37:00","slug":"pradavne-pribehy","status":"publish","type":"page","link":"https:\/\/radeksauer.com\/?page_id=669&lang=cs","title":{"rendered":"Prad\u00e1vn\u00e9 p\u0159\u00edb\u011bhy"},"content":{"rendered":"<div id='gallery-1' class='gallery galleryid-669 gallery-columns-4 gallery-size-medium'><dl class='gallery-item'>\n\t\t\t<dt class='gallery-icon landscape'>\n\t\t\t\t<a href='https:\/\/radeksauer.com\/?attachment_id=794'><img loading=\"lazy\" decoding=\"async\" width=\"300\" height=\"248\" src=\"https:\/\/radeksauer.com\/wp-content\/uploads\/2015\/06\/5.jB-jeskyne-II.-wordpress-300x248.jpg\" class=\"attachment-medium size-medium\" alt=\"\" aria-describedby=\"gallery-1-794\" srcset=\"https:\/\/radeksauer.com\/wp-content\/uploads\/2015\/06\/5.jB-jeskyne-II.-wordpress-300x248.jpg 300w, https:\/\/radeksauer.com\/wp-content\/uploads\/2015\/06\/5.jB-jeskyne-II.-wordpress-620x512.jpg 620w, https:\/\/radeksauer.com\/wp-content\/uploads\/2015\/06\/5.jB-jeskyne-II.-wordpress.jpg 650w\" sizes=\"auto, (max-width: 300px) 100vw, 300px\" \/><\/a>\n\t\t\t<\/dt>\n\t\t\t\t<dd class='wp-caption-text gallery-caption' id='gallery-1-794'>\n\t\t\t\tDoup\u011b II, akryl a tu\u0161 na pap\u00ed\u0159e 90&#215;74 cm, 2013\n\t\t\t\t<\/dd><\/dl><dl class='gallery-item'>\n\t\t\t<dt class='gallery-icon landscape'>\n\t\t\t\t<a href='https:\/\/radeksauer.com\/?attachment_id=795'><img loading=\"lazy\" decoding=\"async\" width=\"300\" height=\"300\" src=\"https:\/\/radeksauer.com\/wp-content\/uploads\/2015\/06\/13.vyvolen\u00fd-Wordpress-300x300.jpg\" class=\"attachment-medium size-medium\" alt=\"\" aria-describedby=\"gallery-1-795\" srcset=\"https:\/\/radeksauer.com\/wp-content\/uploads\/2015\/06\/13.vyvolen\u00fd-Wordpress-300x300.jpg 300w, https:\/\/radeksauer.com\/wp-content\/uploads\/2015\/06\/13.vyvolen\u00fd-Wordpress-150x150.jpg 150w, https:\/\/radeksauer.com\/wp-content\/uploads\/2015\/06\/13.vyvolen\u00fd-Wordpress-620x620.jpg 620w, https:\/\/radeksauer.com\/wp-content\/uploads\/2015\/06\/13.vyvolen\u00fd-Wordpress.jpg 780w\" sizes=\"auto, (max-width: 300px) 100vw, 300px\" \/><\/a>\n\t\t\t<\/dt>\n\t\t\t\t<dd class='wp-caption-text gallery-caption' id='gallery-1-795'>\n\t\t\t\tVyvolen\u00fd, akryl na pap\u00ed\u0159e 115x115cm, 2013\n\t\t\t\t<\/dd><\/dl><dl class='gallery-item'>\n\t\t\t<dt class='gallery-icon portrait'>\n\t\t\t\t<a href='https:\/\/radeksauer.com\/?attachment_id=796'><img loading=\"lazy\" decoding=\"async\" width=\"159\" height=\"300\" src=\"https:\/\/radeksauer.com\/wp-content\/uploads\/2015\/06\/Auf-eigenem-Weg-Wordpress-159x300.jpg\" class=\"attachment-medium size-medium\" alt=\"\" aria-describedby=\"gallery-1-796\" srcset=\"https:\/\/radeksauer.com\/wp-content\/uploads\/2015\/06\/Auf-eigenem-Weg-Wordpress-159x300.jpg 159w, https:\/\/radeksauer.com\/wp-content\/uploads\/2015\/06\/Auf-eigenem-Weg-Wordpress.jpg 458w\" sizes=\"auto, (max-width: 159px) 100vw, 159px\" \/><\/a>\n\t\t\t<\/dt>\n\t\t\t\t<dd class='wp-caption-text gallery-caption' id='gallery-1-796'>\n\t\t\t\tVlastn\u00ed cestou, akryl na pl\u00e1tn\u011b 75&#215;145 cm, 2012\n\t\t\t\t<\/dd><\/dl><dl class='gallery-item'>\n\t\t\t<dt class='gallery-icon landscape'>\n\t\t\t\t<a href='https:\/\/radeksauer.com\/?attachment_id=797'><img loading=\"lazy\" decoding=\"async\" width=\"300\" height=\"222\" src=\"https:\/\/radeksauer.com\/wp-content\/uploads\/2015\/06\/jeskyne-I-Wordpress-300x222.jpg\" class=\"attachment-medium size-medium\" alt=\"\" aria-describedby=\"gallery-1-797\" srcset=\"https:\/\/radeksauer.com\/wp-content\/uploads\/2015\/06\/jeskyne-I-Wordpress-300x222.jpg 300w, https:\/\/radeksauer.com\/wp-content\/uploads\/2015\/06\/jeskyne-I-Wordpress-620x458.jpg 620w, https:\/\/radeksauer.com\/wp-content\/uploads\/2015\/06\/jeskyne-I-Wordpress.jpg 650w\" sizes=\"auto, (max-width: 300px) 100vw, 300px\" \/><\/a>\n\t\t\t<\/dt>\n\t\t\t\t<dd class='wp-caption-text gallery-caption' id='gallery-1-797'>\n\t\t\t\tDoup\u011b, kva\u0161 na pap\u00ed\u0159e 80&#215;60 cm, 2012\n\t\t\t\t<\/dd><\/dl><br style=\"clear: both\" \/><dl class='gallery-item'>\n\t\t\t<dt class='gallery-icon landscape'>\n\t\t\t\t<a href='https:\/\/radeksauer.com\/?attachment_id=798'><img loading=\"lazy\" decoding=\"async\" width=\"300\" height=\"250\" src=\"https:\/\/radeksauer.com\/wp-content\/uploads\/2015\/06\/jeskyne2-wordpress-300x250.jpg\" class=\"attachment-medium size-medium\" alt=\"\" aria-describedby=\"gallery-1-798\" srcset=\"https:\/\/radeksauer.com\/wp-content\/uploads\/2015\/06\/jeskyne2-wordpress-300x250.jpg 300w, https:\/\/radeksauer.com\/wp-content\/uploads\/2015\/06\/jeskyne2-wordpress-620x517.jpg 620w, https:\/\/radeksauer.com\/wp-content\/uploads\/2015\/06\/jeskyne2-wordpress.jpg 650w\" sizes=\"auto, (max-width: 300px) 100vw, 300px\" \/><\/a>\n\t\t\t<\/dt>\n\t\t\t\t<dd class='wp-caption-text gallery-caption' id='gallery-1-798'>\n\t\t\t\tDoup\u011b III, akryl na lepence 90&#215;76 cm, 2014\n\t\t\t\t<\/dd><\/dl><dl class='gallery-item'>\n\t\t\t<dt class='gallery-icon landscape'>\n\t\t\t\t<a href='https:\/\/radeksauer.com\/?attachment_id=799'><img loading=\"lazy\" decoding=\"async\" width=\"300\" height=\"225\" src=\"https:\/\/radeksauer.com\/wp-content\/uploads\/2015\/06\/Landschaft-im-Alten-Testament-1-Wordpress-300x225.jpg\" class=\"attachment-medium size-medium\" alt=\"\" aria-describedby=\"gallery-1-799\" srcset=\"https:\/\/radeksauer.com\/wp-content\/uploads\/2015\/06\/Landschaft-im-Alten-Testament-1-Wordpress-300x225.jpg 300w, https:\/\/radeksauer.com\/wp-content\/uploads\/2015\/06\/Landschaft-im-Alten-Testament-1-Wordpress-620x465.jpg 620w, https:\/\/radeksauer.com\/wp-content\/uploads\/2015\/06\/Landschaft-im-Alten-Testament-1-Wordpress.jpg 760w\" sizes=\"auto, (max-width: 300px) 100vw, 300px\" \/><\/a>\n\t\t\t<\/dt>\n\t\t\t\t<dd class='wp-caption-text gallery-caption' id='gallery-1-799'>\n\t\t\t\tKrajiny Star\u00e9ho z\u00e1kona, kombinovan\u00e1 technika na pap\u00ed\u0159e 90&#215;70 cm, 2012\n\t\t\t\t<\/dd><\/dl><dl class='gallery-item'>\n\t\t\t<dt class='gallery-icon landscape'>\n\t\t\t\t<a href='https:\/\/radeksauer.com\/?attachment_id=800'><img loading=\"lazy\" decoding=\"async\" width=\"300\" height=\"221\" src=\"https:\/\/radeksauer.com\/wp-content\/uploads\/2015\/06\/Landschaft-im-Alten-Testament-2-Wordpress-300x221.jpg\" class=\"attachment-medium size-medium\" alt=\"\" aria-describedby=\"gallery-1-800\" srcset=\"https:\/\/radeksauer.com\/wp-content\/uploads\/2015\/06\/Landschaft-im-Alten-Testament-2-Wordpress-300x221.jpg 300w, https:\/\/radeksauer.com\/wp-content\/uploads\/2015\/06\/Landschaft-im-Alten-Testament-2-Wordpress-620x457.jpg 620w, https:\/\/radeksauer.com\/wp-content\/uploads\/2015\/06\/Landschaft-im-Alten-Testament-2-Wordpress.jpg 760w\" sizes=\"auto, (max-width: 300px) 100vw, 300px\" \/><\/a>\n\t\t\t<\/dt>\n\t\t\t\t<dd class='wp-caption-text gallery-caption' id='gallery-1-800'>\n\t\t\t\tKrajiny Stareho z\u00e1kona, akry a tu\u0161 na pap\u00ed\u0159e 90&#215;70 cm, 2012\n\t\t\t\t<\/dd><\/dl><dl class='gallery-item'>\n\t\t\t<dt class='gallery-icon portrait'>\n\t\t\t\t<a href='https:\/\/radeksauer.com\/?attachment_id=801'><img loading=\"lazy\" decoding=\"async\" width=\"196\" height=\"300\" src=\"https:\/\/radeksauer.com\/wp-content\/uploads\/2015\/06\/Posledni-soud-Wordpress-196x300.jpg\" class=\"attachment-medium size-medium\" alt=\"\" aria-describedby=\"gallery-1-801\" srcset=\"https:\/\/radeksauer.com\/wp-content\/uploads\/2015\/06\/Posledni-soud-Wordpress-196x300.jpg 196w, https:\/\/radeksauer.com\/wp-content\/uploads\/2015\/06\/Posledni-soud-Wordpress.jpg 557w\" sizes=\"auto, (max-width: 196px) 100vw, 196px\" \/><\/a>\n\t\t\t<\/dt>\n\t\t\t\t<dd class='wp-caption-text gallery-caption' id='gallery-1-801'>\n\t\t\t\tk &#8222;Posledn\u00edmu soudu&#8220;, akryl na pl\u00e1tn\u011b 75&#215;115 cm, 2012\n\t\t\t\t<\/dd><\/dl><br style=\"clear: both\" \/><dl class='gallery-item'>\n\t\t\t<dt class='gallery-icon portrait'>\n\t\t\t\t<a href='https:\/\/radeksauer.com\/?attachment_id=802'><img loading=\"lazy\" decoding=\"async\" width=\"225\" height=\"300\" src=\"https:\/\/radeksauer.com\/wp-content\/uploads\/2015\/06\/Posledni-soud-3-Wordpress-225x300.jpg\" class=\"attachment-medium size-medium\" alt=\"\" aria-describedby=\"gallery-1-802\" srcset=\"https:\/\/radeksauer.com\/wp-content\/uploads\/2015\/06\/Posledni-soud-3-Wordpress-225x300.jpg 225w, https:\/\/radeksauer.com\/wp-content\/uploads\/2015\/06\/Posledni-soud-3-Wordpress.jpg 480w\" sizes=\"auto, (max-width: 225px) 100vw, 225px\" \/><\/a>\n\t\t\t<\/dt>\n\t\t\t\t<dd class='wp-caption-text gallery-caption' id='gallery-1-802'>\n\t\t\t\tk &#8222;Posledn\u00edmu soudu&#8220;, akryl a tu\u0161 na pap\u00ed\u0159e 43&#215;63 cm, 2012\n\t\t\t\t<\/dd><\/dl><dl class='gallery-item'>\n\t\t\t<dt class='gallery-icon portrait'>\n\t\t\t\t<a href='https:\/\/radeksauer.com\/?attachment_id=803'><img loading=\"lazy\" decoding=\"async\" width=\"196\" height=\"300\" src=\"https:\/\/radeksauer.com\/wp-content\/uploads\/2015\/06\/Posledni-soud2-Wordpress-196x300.jpg\" class=\"attachment-medium size-medium\" alt=\"\" aria-describedby=\"gallery-1-803\" srcset=\"https:\/\/radeksauer.com\/wp-content\/uploads\/2015\/06\/Posledni-soud2-Wordpress-196x300.jpg 196w, https:\/\/radeksauer.com\/wp-content\/uploads\/2015\/06\/Posledni-soud2-Wordpress.jpg 556w\" sizes=\"auto, (max-width: 196px) 100vw, 196px\" \/><\/a>\n\t\t\t<\/dt>\n\t\t\t\t<dd class='wp-caption-text gallery-caption' id='gallery-1-803'>\n\t\t\t\tk &#8222;Posledn\u00edmu soudu&#8220;, kombinovan\u00e1 technika na pl\u00e1tn\u011b 75&#215;115 cm, 2012\n\t\t\t\t<\/dd><\/dl><dl class='gallery-item'>\n\t\t\t<dt class='gallery-icon landscape'>\n\t\t\t\t<a href='https:\/\/radeksauer.com\/?attachment_id=804'><img loading=\"lazy\" decoding=\"async\" width=\"300\" height=\"298\" src=\"https:\/\/radeksauer.com\/wp-content\/uploads\/2015\/06\/soud02-Wordpress-300x298.jpg\" class=\"attachment-medium size-medium\" alt=\"\" aria-describedby=\"gallery-1-804\" srcset=\"https:\/\/radeksauer.com\/wp-content\/uploads\/2015\/06\/soud02-Wordpress-300x298.jpg 300w, https:\/\/radeksauer.com\/wp-content\/uploads\/2015\/06\/soud02-Wordpress-150x150.jpg 150w, https:\/\/radeksauer.com\/wp-content\/uploads\/2015\/06\/soud02-Wordpress-620x617.jpg 620w, https:\/\/radeksauer.com\/wp-content\/uploads\/2015\/06\/soud02-Wordpress.jpg 760w\" sizes=\"auto, (max-width: 300px) 100vw, 300px\" \/><\/a>\n\t\t\t<\/dt>\n\t\t\t\t<dd class='wp-caption-text gallery-caption' id='gallery-1-804'>\n\t\t\t\tVyvolen\u00fd II, akryl na lepence 70&#215;70 cm, 2012\n\t\t\t\t<\/dd><\/dl><dl class='gallery-item'>\n\t\t\t<dt class='gallery-icon landscape'>\n\t\t\t\t<a href='https:\/\/radeksauer.com\/?attachment_id=805'><img loading=\"lazy\" decoding=\"async\" width=\"300\" height=\"223\" src=\"https:\/\/radeksauer.com\/wp-content\/uploads\/2015\/06\/tanec-wordpress-300x223.jpg\" class=\"attachment-medium size-medium\" alt=\"\" aria-describedby=\"gallery-1-805\" srcset=\"https:\/\/radeksauer.com\/wp-content\/uploads\/2015\/06\/tanec-wordpress-300x223.jpg 300w, https:\/\/radeksauer.com\/wp-content\/uploads\/2015\/06\/tanec-wordpress-620x462.jpg 620w, https:\/\/radeksauer.com\/wp-content\/uploads\/2015\/06\/tanec-wordpress.jpg 650w\" sizes=\"auto, (max-width: 300px) 100vw, 300px\" \/><\/a>\n\t\t\t<\/dt>\n\t\t\t\t<dd class='wp-caption-text gallery-caption' id='gallery-1-805'>\n\t\t\t\tTanec pohan\u016f, akryl na lepence 80&#215;60 cm, 2014\n\t\t\t\t<\/dd><\/dl><br style=\"clear: both\" \/>\n\t\t<\/div>\n\n","protected":false},"excerpt":{"rendered":"","protected":false},"author":1,"featured_media":0,"parent":0,"menu_order":1,"comment_status":"open","ping_status":"open","template":"template-full-width.php","meta":{"footnotes":""},"class_list":["post-669","page","type-page","status-publish","hentry"],"_links":{"self":[{"href":"https:\/\/radeksauer.com\/index.php?rest_route=\/wp\/v2\/pages\/669","targetHints":{"allow":["GET"]}}],"collection":[{"href":"https:\/\/radeksauer.com\/index.php?rest_route=\/wp\/v2\/pages"}],"about":[{"href":"https:\/\/radeksauer.com\/index.php?rest_route=\/wp\/v2\/types\/page"}],"author":[{"embeddable":true,"href":"https:\/\/radeksauer.com\/index.php?rest_route=\/wp\/v2\/users\/1"}],"replies":[{"embeddable":true,"href":"https:\/\/radeksauer.com\/index.php?rest_route=%2Fwp%2Fv2%2Fcomments&post=669"}],"version-history":[{"count":4,"href":"https:\/\/radeksauer.com\/index.php?rest_route=\/wp\/v2\/pages\/669\/revisions"}],"predecessor-version":[{"id":2399,"href":"https:\/\/radeksauer.com\/index.php?rest_route=\/wp\/v2\/pages\/669\/revisions\/2399"}],"wp:attachment":[{"href":"https:\/\/radeksauer.com\/index.php?rest_route=%2Fwp%2Fv2%2Fmedia&parent=669"}],"curies":[{"name":"wp","href":"https:\/\/api.w.org\/{rel}","templated":true}]}}

Pradávné příběhy

<div id='gallery-1' class='gallery galleryid-669 gallery-columns-4 gallery-size-medium'><dl class='gallery-item'>
			<dt class='gallery-icon landscape'>
				<a href='https://radeksauer.com/?attachment_id=794'><img loading="lazy" decoding="async" width="300" height="248" src="https://radeksauer.com/wp-content/uploads/2015/06/5.jB-jeskyne-II.-wordpress-300x248.jpg" class="attachment-medium size-medium" alt="" aria-describedby="gallery-1-794" srcset="https://radeksauer.com/wp-content/uploads/2015/06/5.jB-jeskyne-II.-wordpress-300x248.jpg 300w, https://radeksauer.com/wp-content/uploads/2015/06/5.jB-jeskyne-II.-wordpress-620x512.jpg 620w, https://radeksauer.com/wp-content/uploads/2015/06/5.jB-jeskyne-II.-wordpress.jpg 650w" sizes="auto, (max-width: 300px) 100vw, 300px" /></a>
			</dt>
				<dd class='wp-caption-text gallery-caption' id='gallery-1-794'>
				Doupě II, akryl a tuš na papíře 90&#215;74 cm, 2013
				</dd></dl><dl class='gallery-item'>
			<dt class='gallery-icon landscape'>
				<a href='https://radeksauer.com/?attachment_id=795'><img loading="lazy" decoding="async" width="300" height="300" src="https://radeksauer.com/wp-content/uploads/2015/06/13.vyvolený-Wordpress-300x300.jpg" class="attachment-medium size-medium" alt="" aria-describedby="gallery-1-795" srcset="https://radeksauer.com/wp-content/uploads/2015/06/13.vyvolený-Wordpress-300x300.jpg 300w, https://radeksauer.com/wp-content/uploads/2015/06/13.vyvolený-Wordpress-150x150.jpg 150w, https://radeksauer.com/wp-content/uploads/2015/06/13.vyvolený-Wordpress-620x620.jpg 620w, https://radeksauer.com/wp-content/uploads/2015/06/13.vyvolený-Wordpress.jpg 780w" sizes="auto, (max-width: 300px) 100vw, 300px" /></a>
			</dt>
				<dd class='wp-caption-text gallery-caption' id='gallery-1-795'>
				Vyvolený, akryl na papíře 115x115cm, 2013
				</dd></dl><dl class='gallery-item'>
			<dt class='gallery-icon portrait'>
				<a href='https://radeksauer.com/?attachment_id=796'><img loading="lazy" decoding="async" width="159" height="300" src="https://radeksauer.com/wp-content/uploads/2015/06/Auf-eigenem-Weg-Wordpress-159x300.jpg" class="attachment-medium size-medium" alt="" aria-describedby="gallery-1-796" srcset="https://radeksauer.com/wp-content/uploads/2015/06/Auf-eigenem-Weg-Wordpress-159x300.jpg 159w, https://radeksauer.com/wp-content/uploads/2015/06/Auf-eigenem-Weg-Wordpress.jpg 458w" sizes="auto, (max-width: 159px) 100vw, 159px" /></a>
			</dt>
				<dd class='wp-caption-text gallery-caption' id='gallery-1-796'>
				Vlastní cestou, akryl na plátně 75&#215;145 cm, 2012
				</dd></dl><dl class='gallery-item'>
			<dt class='gallery-icon landscape'>
				<a href='https://radeksauer.com/?attachment_id=797'><img loading="lazy" decoding="async" width="300" height="222" src="https://radeksauer.com/wp-content/uploads/2015/06/jeskyne-I-Wordpress-300x222.jpg" class="attachment-medium size-medium" alt="" aria-describedby="gallery-1-797" srcset="https://radeksauer.com/wp-content/uploads/2015/06/jeskyne-I-Wordpress-300x222.jpg 300w, https://radeksauer.com/wp-content/uploads/2015/06/jeskyne-I-Wordpress-620x458.jpg 620w, https://radeksauer.com/wp-content/uploads/2015/06/jeskyne-I-Wordpress.jpg 650w" sizes="auto, (max-width: 300px) 100vw, 300px" /></a>
			</dt>
				<dd class='wp-caption-text gallery-caption' id='gallery-1-797'>
				Doupě, kvaš na papíře 80&#215;60 cm, 2012
				</dd></dl><br style="clear: both" /><dl class='gallery-item'>
			<dt class='gallery-icon landscape'>
				<a href='https://radeksauer.com/?attachment_id=798'><img loading="lazy" decoding="async" width="300" height="250" src="https://radeksauer.com/wp-content/uploads/2015/06/jeskyne2-wordpress-300x250.jpg" class="attachment-medium size-medium" alt="" aria-describedby="gallery-1-798" srcset="https://radeksauer.com/wp-content/uploads/2015/06/jeskyne2-wordpress-300x250.jpg 300w, https://radeksauer.com/wp-content/uploads/2015/06/jeskyne2-wordpress-620x517.jpg 620w, https://radeksauer.com/wp-content/uploads/2015/06/jeskyne2-wordpress.jpg 650w" sizes="auto, (max-width: 300px) 100vw, 300px" /></a>
			</dt>
				<dd class='wp-caption-text gallery-caption' id='gallery-1-798'>
				Doupě III, akryl na lepence 90&#215;76 cm, 2014
				</dd></dl><dl class='gallery-item'>
			<dt class='gallery-icon landscape'>
				<a href='https://radeksauer.com/?attachment_id=799'><img loading="lazy" decoding="async" width="300" height="225" src="https://radeksauer.com/wp-content/uploads/2015/06/Landschaft-im-Alten-Testament-1-Wordpress-300x225.jpg" class="attachment-medium size-medium" alt="" aria-describedby="gallery-1-799" srcset="https://radeksauer.com/wp-content/uploads/2015/06/Landschaft-im-Alten-Testament-1-Wordpress-300x225.jpg 300w, https://radeksauer.com/wp-content/uploads/2015/06/Landschaft-im-Alten-Testament-1-Wordpress-620x465.jpg 620w, https://radeksauer.com/wp-content/uploads/2015/06/Landschaft-im-Alten-Testament-1-Wordpress.jpg 760w" sizes="auto, (max-width: 300px) 100vw, 300px" /></a>
			</dt>
				<dd class='wp-caption-text gallery-caption' id='gallery-1-799'>
				Krajiny Starého zákona, kombinovaná technika na papíře 90&#215;70 cm, 2012
				</dd></dl><dl class='gallery-item'>
			<dt class='gallery-icon landscape'>
				<a href='https://radeksauer.com/?attachment_id=800'><img loading="lazy" decoding="async" width="300" height="221" src="https://radeksauer.com/wp-content/uploads/2015/06/Landschaft-im-Alten-Testament-2-Wordpress-300x221.jpg" class="attachment-medium size-medium" alt="" aria-describedby="gallery-1-800" srcset="https://radeksauer.com/wp-content/uploads/2015/06/Landschaft-im-Alten-Testament-2-Wordpress-300x221.jpg 300w, https://radeksauer.com/wp-content/uploads/2015/06/Landschaft-im-Alten-Testament-2-Wordpress-620x457.jpg 620w, https://radeksauer.com/wp-content/uploads/2015/06/Landschaft-im-Alten-Testament-2-Wordpress.jpg 760w" sizes="auto, (max-width: 300px) 100vw, 300px" /></a>
			</dt>
				<dd class='wp-caption-text gallery-caption' id='gallery-1-800'>
				Krajiny Stareho zákona, akry a tuš na papíře 90&#215;70 cm, 2012
				</dd></dl><dl class='gallery-item'>
			<dt class='gallery-icon portrait'>
				<a href='https://radeksauer.com/?attachment_id=801'><img loading="lazy" decoding="async" width="196" height="300" src="https://radeksauer.com/wp-content/uploads/2015/06/Posledni-soud-Wordpress-196x300.jpg" class="attachment-medium size-medium" alt="" aria-describedby="gallery-1-801" srcset="https://radeksauer.com/wp-content/uploads/2015/06/Posledni-soud-Wordpress-196x300.jpg 196w, https://radeksauer.com/wp-content/uploads/2015/06/Posledni-soud-Wordpress.jpg 557w" sizes="auto, (max-width: 196px) 100vw, 196px" /></a>
			</dt>
				<dd class='wp-caption-text gallery-caption' id='gallery-1-801'>
				k &#8222;Poslednímu soudu&#8220;, akryl na plátně 75&#215;115 cm, 2012
				</dd></dl><br style="clear: both" /><dl class='gallery-item'>
			<dt class='gallery-icon portrait'>
				<a href='https://radeksauer.com/?attachment_id=802'><img loading="lazy" decoding="async" width="225" height="300" src="https://radeksauer.com/wp-content/uploads/2015/06/Posledni-soud-3-Wordpress-225x300.jpg" class="attachment-medium size-medium" alt="" aria-describedby="gallery-1-802" srcset="https://radeksauer.com/wp-content/uploads/2015/06/Posledni-soud-3-Wordpress-225x300.jpg 225w, https://radeksauer.com/wp-content/uploads/2015/06/Posledni-soud-3-Wordpress.jpg 480w" sizes="auto, (max-width: 225px) 100vw, 225px" /></a>
			</dt>
				<dd class='wp-caption-text gallery-caption' id='gallery-1-802'>
				k &#8222;Poslednímu soudu&#8220;, akryl a tuš na papíře 43&#215;63 cm, 2012
				</dd></dl><dl class='gallery-item'>
			<dt class='gallery-icon portrait'>
				<a href='https://radeksauer.com/?attachment_id=803'><img loading="lazy" decoding="async" width="196" height="300" src="https://radeksauer.com/wp-content/uploads/2015/06/Posledni-soud2-Wordpress-196x300.jpg" class="attachment-medium size-medium" alt="" aria-describedby="gallery-1-803" srcset="https://radeksauer.com/wp-content/uploads/2015/06/Posledni-soud2-Wordpress-196x300.jpg 196w, https://radeksauer.com/wp-content/uploads/2015/06/Posledni-soud2-Wordpress.jpg 556w" sizes="auto, (max-width: 196px) 100vw, 196px" /></a>
			</dt>
				<dd class='wp-caption-text gallery-caption' id='gallery-1-803'>
				k &#8222;Poslednímu soudu&#8220;, kombinovaná technika na plátně 75&#215;115 cm, 2012
				</dd></dl><dl class='gallery-item'>
			<dt class='gallery-icon landscape'>
				<a href='https://radeksauer.com/?attachment_id=804'><img loading="lazy" decoding="async" width="300" height="298" src="https://radeksauer.com/wp-content/uploads/2015/06/soud02-Wordpress-300x298.jpg" class="attachment-medium size-medium" alt="" aria-describedby="gallery-1-804" srcset="https://radeksauer.com/wp-content/uploads/2015/06/soud02-Wordpress-300x298.jpg 300w, https://radeksauer.com/wp-content/uploads/2015/06/soud02-Wordpress-150x150.jpg 150w, https://radeksauer.com/wp-content/uploads/2015/06/soud02-Wordpress-620x617.jpg 620w, https://radeksauer.com/wp-content/uploads/2015/06/soud02-Wordpress.jpg 760w" sizes="auto, (max-width: 300px) 100vw, 300px" /></a>
			</dt>
				<dd class='wp-caption-text gallery-caption' id='gallery-1-804'>
				Vyvolený II, akryl na lepence 70&#215;70 cm, 2012
				</dd></dl><dl class='gallery-item'>
			<dt class='gallery-icon landscape'>
				<a href='https://radeksauer.com/?attachment_id=805'><img loading="lazy" decoding="async" width="300" height="223" src="https://radeksauer.com/wp-content/uploads/2015/06/tanec-wordpress-300x223.jpg" class="attachment-medium size-medium" alt="" aria-describedby="gallery-1-805" srcset="https://radeksauer.com/wp-content/uploads/2015/06/tanec-wordpress-300x223.jpg 300w, https://radeksauer.com/wp-content/uploads/2015/06/tanec-wordpress-620x462.jpg 620w, https://radeksauer.com/wp-content/uploads/2015/06/tanec-wordpress.jpg 650w" sizes="auto, (max-width: 300px) 100vw, 300px" /></a>
			</dt>
				<dd class='wp-caption-text gallery-caption' id='gallery-1-805'>
				Tanec pohanů, akryl na lepence 80&#215;60 cm, 2014
				</dd></dl><br style="clear: both" />
		</div>
