{"id":665,"date":"2015-06-24T15:06:34","date_gmt":"2015-06-24T15:06:34","guid":{"rendered":"http:\/\/radeksauer.com\/?page_id=665"},"modified":"2023-05-08T20:35:41","modified_gmt":"2023-05-08T20:35:41","slug":"pamet-krajiny","status":"publish","type":"page","link":"https:\/\/radeksauer.com\/?page_id=665&lang=cs","title":{"rendered":"Pam\u011b\u0165 krajiny"},"content":{"rendered":"<div id='gallery-1' class='gallery galleryid-665 gallery-columns-4 gallery-size-medium'><dl class='gallery-item'>\n\t\t\t<dt class='gallery-icon landscape'>\n\t\t\t\t<a href='https:\/\/radeksauer.com\/?attachment_id=775'><img loading=\"lazy\" decoding=\"async\" width=\"300\" height=\"204\" src=\"https:\/\/radeksauer.com\/wp-content\/uploads\/2015\/06\/Auf-der-Grenze-Wordpress-300x204.jpg\" class=\"attachment-medium size-medium\" alt=\"\" aria-describedby=\"gallery-1-775\" srcset=\"https:\/\/radeksauer.com\/wp-content\/uploads\/2015\/06\/Auf-der-Grenze-Wordpress-300x204.jpg 300w, https:\/\/radeksauer.com\/wp-content\/uploads\/2015\/06\/Auf-der-Grenze-Wordpress-620x422.jpg 620w, https:\/\/radeksauer.com\/wp-content\/uploads\/2015\/06\/Auf-der-Grenze-Wordpress.jpg 761w\" sizes=\"auto, (max-width: 300px) 100vw, 300px\" \/><\/a>\n\t\t\t<\/dt>\n\t\t\t\t<dd class='wp-caption-text gallery-caption' id='gallery-1-775'>\n\t\t\t\tNa hranici, akryl na pap\u00ed\u0159e 64x43cm, 2011\n\t\t\t\t<\/dd><\/dl><dl class='gallery-item'>\n\t\t\t<dt class='gallery-icon landscape'>\n\t\t\t\t<a href='https:\/\/radeksauer.com\/?attachment_id=776'><img loading=\"lazy\" decoding=\"async\" width=\"300\" height=\"205\" src=\"https:\/\/radeksauer.com\/wp-content\/uploads\/2015\/06\/Bauern-der-Tempeln-Wordpress-300x205.jpg\" class=\"attachment-medium size-medium\" alt=\"\" aria-describedby=\"gallery-1-776\" srcset=\"https:\/\/radeksauer.com\/wp-content\/uploads\/2015\/06\/Bauern-der-Tempeln-Wordpress-300x205.jpg 300w, https:\/\/radeksauer.com\/wp-content\/uploads\/2015\/06\/Bauern-der-Tempeln-Wordpress-620x424.jpg 620w, https:\/\/radeksauer.com\/wp-content\/uploads\/2015\/06\/Bauern-der-Tempeln-Wordpress.jpg 761w\" sizes=\"auto, (max-width: 300px) 100vw, 300px\" \/><\/a>\n\t\t\t<\/dt>\n\t\t\t\t<dd class='wp-caption-text gallery-caption' id='gallery-1-776'>\n\t\t\t\tStavitel\u00e9 chr\u00e1m\u016f, akryl na pap\u00ed\u0159e 64x43cm, 2011\n\t\t\t\t<\/dd><\/dl><dl class='gallery-item'>\n\t\t\t<dt class='gallery-icon portrait'>\n\t\t\t\t<a href='https:\/\/radeksauer.com\/?attachment_id=777'><img loading=\"lazy\" decoding=\"async\" width=\"216\" height=\"300\" src=\"https:\/\/radeksauer.com\/wp-content\/uploads\/2015\/06\/Der-Zeuge-Wordpress-216x300.jpg\" class=\"attachment-medium size-medium\" alt=\"\" aria-describedby=\"gallery-1-777\" srcset=\"https:\/\/radeksauer.com\/wp-content\/uploads\/2015\/06\/Der-Zeuge-Wordpress-216x300.jpg 216w, https:\/\/radeksauer.com\/wp-content\/uploads\/2015\/06\/Der-Zeuge-Wordpress.jpg 381w\" sizes=\"auto, (max-width: 216px) 100vw, 216px\" \/><\/a>\n\t\t\t<\/dt>\n\t\t\t\t<dd class='wp-caption-text gallery-caption' id='gallery-1-777'>\n\t\t\t\tSv\u011bdek, akryl na lepence 21x30cm, 2011\n\t\t\t\t<\/dd><\/dl><dl class='gallery-item'>\n\t\t\t<dt class='gallery-icon landscape'>\n\t\t\t\t<a href='https:\/\/radeksauer.com\/?attachment_id=778'><img loading=\"lazy\" decoding=\"async\" width=\"300\" height=\"300\" src=\"https:\/\/radeksauer.com\/wp-content\/uploads\/2015\/06\/Eremite-und-Zeit-Wordpress-300x300.jpg\" class=\"attachment-medium size-medium\" alt=\"\" aria-describedby=\"gallery-1-778\" srcset=\"https:\/\/radeksauer.com\/wp-content\/uploads\/2015\/06\/Eremite-und-Zeit-Wordpress-300x300.jpg 300w, https:\/\/radeksauer.com\/wp-content\/uploads\/2015\/06\/Eremite-und-Zeit-Wordpress-150x150.jpg 150w, https:\/\/radeksauer.com\/wp-content\/uploads\/2015\/06\/Eremite-und-Zeit-Wordpress-620x620.jpg 620w, https:\/\/radeksauer.com\/wp-content\/uploads\/2015\/06\/Eremite-und-Zeit-Wordpress.jpg 830w\" sizes=\"auto, (max-width: 300px) 100vw, 300px\" \/><\/a>\n\t\t\t<\/dt>\n\t\t\t\t<dd class='wp-caption-text gallery-caption' id='gallery-1-778'>\n\t\t\t\tPoustevn\u00edk a \u010das, vosk a akryl na pap\u00ed\u0159e 58x58cm, 2011\n\t\t\t\t<\/dd><\/dl><br style=\"clear: both\" \/><dl class='gallery-item'>\n\t\t\t<dt class='gallery-icon landscape'>\n\t\t\t\t<a href='https:\/\/radeksauer.com\/?attachment_id=779'><img loading=\"lazy\" decoding=\"async\" width=\"300\" height=\"300\" src=\"https:\/\/radeksauer.com\/wp-content\/uploads\/2015\/06\/Eremite-und-Zeit-Variation-des-Ortes-1-Wordpress-300x300.jpg\" class=\"attachment-medium size-medium\" alt=\"\" aria-describedby=\"gallery-1-779\" srcset=\"https:\/\/radeksauer.com\/wp-content\/uploads\/2015\/06\/Eremite-und-Zeit-Variation-des-Ortes-1-Wordpress-300x300.jpg 300w, https:\/\/radeksauer.com\/wp-content\/uploads\/2015\/06\/Eremite-und-Zeit-Variation-des-Ortes-1-Wordpress-150x150.jpg 150w, https:\/\/radeksauer.com\/wp-content\/uploads\/2015\/06\/Eremite-und-Zeit-Variation-des-Ortes-1-Wordpress-620x620.jpg 620w, https:\/\/radeksauer.com\/wp-content\/uploads\/2015\/06\/Eremite-und-Zeit-Variation-des-Ortes-1-Wordpress.jpg 830w\" sizes=\"auto, (max-width: 300px) 100vw, 300px\" \/><\/a>\n\t\t\t<\/dt>\n\t\t\t\t<dd class='wp-caption-text gallery-caption' id='gallery-1-779'>\n\t\t\t\tPoustevn\u00edk a \u010das &#8211; variace m\u00edsta I, akryl na lepence 45x45cm, 2011\n\t\t\t\t<\/dd><\/dl><dl class='gallery-item'>\n\t\t\t<dt class='gallery-icon landscape'>\n\t\t\t\t<a href='https:\/\/radeksauer.com\/?attachment_id=780'><img loading=\"lazy\" decoding=\"async\" width=\"300\" height=\"300\" src=\"https:\/\/radeksauer.com\/wp-content\/uploads\/2015\/06\/Eremite-und-Zeit-Variation-des-Ortes2-Wordpress-300x300.jpg\" class=\"attachment-medium size-medium\" alt=\"\" aria-describedby=\"gallery-1-780\" srcset=\"https:\/\/radeksauer.com\/wp-content\/uploads\/2015\/06\/Eremite-und-Zeit-Variation-des-Ortes2-Wordpress-300x300.jpg 300w, https:\/\/radeksauer.com\/wp-content\/uploads\/2015\/06\/Eremite-und-Zeit-Variation-des-Ortes2-Wordpress-150x150.jpg 150w, https:\/\/radeksauer.com\/wp-content\/uploads\/2015\/06\/Eremite-und-Zeit-Variation-des-Ortes2-Wordpress-620x620.jpg 620w, https:\/\/radeksauer.com\/wp-content\/uploads\/2015\/06\/Eremite-und-Zeit-Variation-des-Ortes2-Wordpress.jpg 830w\" sizes=\"auto, (max-width: 300px) 100vw, 300px\" \/><\/a>\n\t\t\t<\/dt>\n\t\t\t\t<dd class='wp-caption-text gallery-caption' id='gallery-1-780'>\n\t\t\t\tPoustevn\u00edk a \u010das &#8211; variace m\u00edsta II , akryl na lepence 45x45cm, 2011\n\t\t\t\t<\/dd><\/dl><dl class='gallery-item'>\n\t\t\t<dt class='gallery-icon portrait'>\n\t\t\t\t<a href='https:\/\/radeksauer.com\/?attachment_id=781'><img loading=\"lazy\" decoding=\"async\" width=\"222\" height=\"300\" src=\"https:\/\/radeksauer.com\/wp-content\/uploads\/2015\/06\/Geburt-des-Samans-Wordpress-222x300.jpg\" class=\"attachment-medium size-medium\" alt=\"\" aria-describedby=\"gallery-1-781\" srcset=\"https:\/\/radeksauer.com\/wp-content\/uploads\/2015\/06\/Geburt-des-Samans-Wordpress-222x300.jpg 222w, https:\/\/radeksauer.com\/wp-content\/uploads\/2015\/06\/Geburt-des-Samans-Wordpress.jpg 393w\" sizes=\"auto, (max-width: 222px) 100vw, 222px\" \/><\/a>\n\t\t\t<\/dt>\n\t\t\t\t<dd class='wp-caption-text gallery-caption' id='gallery-1-781'>\n\t\t\t\tZrozen\u00ed \u0161amana, akryl na lepence 21x30cm, 2011\n\t\t\t\t<\/dd><\/dl><dl class='gallery-item'>\n\t\t\t<dt class='gallery-icon landscape'>\n\t\t\t\t<a href='https:\/\/radeksauer.com\/?attachment_id=782'><img loading=\"lazy\" decoding=\"async\" width=\"300\" height=\"197\" src=\"https:\/\/radeksauer.com\/wp-content\/uploads\/2015\/06\/panorama-pro-web01-300x197.jpg\" class=\"attachment-medium size-medium\" alt=\"\" aria-describedby=\"gallery-1-782\" srcset=\"https:\/\/radeksauer.com\/wp-content\/uploads\/2015\/06\/panorama-pro-web01-300x197.jpg 300w, https:\/\/radeksauer.com\/wp-content\/uploads\/2015\/06\/panorama-pro-web01-620x407.jpg 620w, https:\/\/radeksauer.com\/wp-content\/uploads\/2015\/06\/panorama-pro-web01.jpg 950w\" sizes=\"auto, (max-width: 300px) 100vw, 300px\" \/><\/a>\n\t\t\t<\/dt>\n\t\t\t\t<dd class='wp-caption-text gallery-caption' id='gallery-1-782'>\n\t\t\t\tPanorama, olej na pl\u00e1tn\u011b 115x75cm, diptych, 2011 \n\t\t\t\t<\/dd><\/dl><br style=\"clear: both\" \/><dl class='gallery-item'>\n\t\t\t<dt class='gallery-icon landscape'>\n\t\t\t\t<a href='https:\/\/radeksauer.com\/?attachment_id=783'><img loading=\"lazy\" decoding=\"async\" width=\"300\" height=\"197\" src=\"https:\/\/radeksauer.com\/wp-content\/uploads\/2015\/06\/panorama-pro-web02-300x197.jpg\" class=\"attachment-medium size-medium\" alt=\"\" aria-describedby=\"gallery-1-783\" srcset=\"https:\/\/radeksauer.com\/wp-content\/uploads\/2015\/06\/panorama-pro-web02-300x197.jpg 300w, https:\/\/radeksauer.com\/wp-content\/uploads\/2015\/06\/panorama-pro-web02-620x407.jpg 620w, https:\/\/radeksauer.com\/wp-content\/uploads\/2015\/06\/panorama-pro-web02.jpg 950w\" sizes=\"auto, (max-width: 300px) 100vw, 300px\" \/><\/a>\n\t\t\t<\/dt>\n\t\t\t\t<dd class='wp-caption-text gallery-caption' id='gallery-1-783'>\n\t\t\t\tPanorama, olej na pl\u00e1tn\u011b 115x75cm, diptych, 2011 \n\t\t\t\t<\/dd><\/dl><dl class='gallery-item'>\n\t\t\t<dt class='gallery-icon landscape'>\n\t\t\t\t<a href='https:\/\/radeksauer.com\/?attachment_id=784'><img loading=\"lazy\" decoding=\"async\" width=\"300\" height=\"218\" src=\"https:\/\/radeksauer.com\/wp-content\/uploads\/2015\/06\/Saman\u00b4s-Lied-Wordpress-300x218.jpg\" class=\"attachment-medium size-medium\" alt=\"\" aria-describedby=\"gallery-1-784\" srcset=\"https:\/\/radeksauer.com\/wp-content\/uploads\/2015\/06\/Saman\u00b4s-Lied-Wordpress-300x218.jpg 300w, https:\/\/radeksauer.com\/wp-content\/uploads\/2015\/06\/Saman\u00b4s-Lied-Wordpress-620x451.jpg 620w, https:\/\/radeksauer.com\/wp-content\/uploads\/2015\/06\/Saman\u00b4s-Lied-Wordpress.jpg 761w\" sizes=\"auto, (max-width: 300px) 100vw, 300px\" \/><\/a>\n\t\t\t<\/dt>\n\t\t\t\t<dd class='wp-caption-text gallery-caption' id='gallery-1-784'>\n\t\t\t\t\u0160aman s lyrou, akryl na pap\u00ed\u0159e 58x42cm, 2011\n\t\t\t\t<\/dd><\/dl><dl class='gallery-item'>\n\t\t\t<dt class='gallery-icon landscape'>\n\t\t\t\t<a href='https:\/\/radeksauer.com\/?attachment_id=785'><img loading=\"lazy\" decoding=\"async\" width=\"300\" height=\"300\" src=\"https:\/\/radeksauer.com\/wp-content\/uploads\/2015\/06\/Taten-der-Apostel-Wordpress-300x300.jpg\" class=\"attachment-medium size-medium\" alt=\"\" aria-describedby=\"gallery-1-785\" srcset=\"https:\/\/radeksauer.com\/wp-content\/uploads\/2015\/06\/Taten-der-Apostel-Wordpress-300x300.jpg 300w, https:\/\/radeksauer.com\/wp-content\/uploads\/2015\/06\/Taten-der-Apostel-Wordpress-150x150.jpg 150w, https:\/\/radeksauer.com\/wp-content\/uploads\/2015\/06\/Taten-der-Apostel-Wordpress-620x620.jpg 620w, https:\/\/radeksauer.com\/wp-content\/uploads\/2015\/06\/Taten-der-Apostel-Wordpress.jpg 780w\" sizes=\"auto, (max-width: 300px) 100vw, 300px\" \/><\/a>\n\t\t\t<\/dt>\n\t\t\t\t<dd class='wp-caption-text gallery-caption' id='gallery-1-785'>\n\t\t\t\tSkutky apo\u0161tol\u016f, olej na pl\u00e1tn\u011b 180x180cm, 2011\n\t\t\t\t<\/dd><\/dl>\n\t\t\t<br style='clear: both' \/>\n\t\t<\/div>\n\n","protected":false},"excerpt":{"rendered":"","protected":false},"author":1,"featured_media":0,"parent":0,"menu_order":0,"comment_status":"open","ping_status":"open","template":"template-full-width.php","meta":{"footnotes":""},"class_list":["post-665","page","type-page","status-publish","hentry"],"_links":{"self":[{"href":"https:\/\/radeksauer.com\/index.php?rest_route=\/wp\/v2\/pages\/665","targetHints":{"allow":["GET"]}}],"collection":[{"href":"https:\/\/radeksauer.com\/index.php?rest_route=\/wp\/v2\/pages"}],"about":[{"href":"https:\/\/radeksauer.com\/index.php?rest_route=\/wp\/v2\/types\/page"}],"author":[{"embeddable":true,"href":"https:\/\/radeksauer.com\/index.php?rest_route=\/wp\/v2\/users\/1"}],"replies":[{"embeddable":true,"href":"https:\/\/radeksauer.com\/index.php?rest_route=%2Fwp%2Fv2%2Fcomments&post=665"}],"version-history":[{"count":6,"href":"https:\/\/radeksauer.com\/index.php?rest_route=\/wp\/v2\/pages\/665\/revisions"}],"predecessor-version":[{"id":2397,"href":"https:\/\/radeksauer.com\/index.php?rest_route=\/wp\/v2\/pages\/665\/revisions\/2397"}],"wp:attachment":[{"href":"https:\/\/radeksauer.com\/index.php?rest_route=%2Fwp%2Fv2%2Fmedia&parent=665"}],"curies":[{"name":"wp","href":"https:\/\/api.w.org\/{rel}","templated":true}]}}

Paměť krajiny

<div id='gallery-1' class='gallery galleryid-665 gallery-columns-4 gallery-size-medium'><dl class='gallery-item'>
			<dt class='gallery-icon landscape'>
				<a href='https://radeksauer.com/?attachment_id=775'><img loading="lazy" decoding="async" width="300" height="204" src="https://radeksauer.com/wp-content/uploads/2015/06/Auf-der-Grenze-Wordpress-300x204.jpg" class="attachment-medium size-medium" alt="" aria-describedby="gallery-1-775" srcset="https://radeksauer.com/wp-content/uploads/2015/06/Auf-der-Grenze-Wordpress-300x204.jpg 300w, https://radeksauer.com/wp-content/uploads/2015/06/Auf-der-Grenze-Wordpress-620x422.jpg 620w, https://radeksauer.com/wp-content/uploads/2015/06/Auf-der-Grenze-Wordpress.jpg 761w" sizes="auto, (max-width: 300px) 100vw, 300px" /></a>
			</dt>
				<dd class='wp-caption-text gallery-caption' id='gallery-1-775'>
				Na hranici, akryl na papíře 64x43cm, 2011
				</dd></dl><dl class='gallery-item'>
			<dt class='gallery-icon landscape'>
				<a href='https://radeksauer.com/?attachment_id=776'><img loading="lazy" decoding="async" width="300" height="205" src="https://radeksauer.com/wp-content/uploads/2015/06/Bauern-der-Tempeln-Wordpress-300x205.jpg" class="attachment-medium size-medium" alt="" aria-describedby="gallery-1-776" srcset="https://radeksauer.com/wp-content/uploads/2015/06/Bauern-der-Tempeln-Wordpress-300x205.jpg 300w, https://radeksauer.com/wp-content/uploads/2015/06/Bauern-der-Tempeln-Wordpress-620x424.jpg 620w, https://radeksauer.com/wp-content/uploads/2015/06/Bauern-der-Tempeln-Wordpress.jpg 761w" sizes="auto, (max-width: 300px) 100vw, 300px" /></a>
			</dt>
				<dd class='wp-caption-text gallery-caption' id='gallery-1-776'>
				Stavitelé chrámů, akryl na papíře 64x43cm, 2011
				</dd></dl><dl class='gallery-item'>
			<dt class='gallery-icon portrait'>
				<a href='https://radeksauer.com/?attachment_id=777'><img loading="lazy" decoding="async" width="216" height="300" src="https://radeksauer.com/wp-content/uploads/2015/06/Der-Zeuge-Wordpress-216x300.jpg" class="attachment-medium size-medium" alt="" aria-describedby="gallery-1-777" srcset="https://radeksauer.com/wp-content/uploads/2015/06/Der-Zeuge-Wordpress-216x300.jpg 216w, https://radeksauer.com/wp-content/uploads/2015/06/Der-Zeuge-Wordpress.jpg 381w" sizes="auto, (max-width: 216px) 100vw, 216px" /></a>
			</dt>
				<dd class='wp-caption-text gallery-caption' id='gallery-1-777'>
				Svědek, akryl na lepence 21x30cm, 2011
				</dd></dl><dl class='gallery-item'>
			<dt class='gallery-icon landscape'>
				<a href='https://radeksauer.com/?attachment_id=778'><img loading="lazy" decoding="async" width="300" height="300" src="https://radeksauer.com/wp-content/uploads/2015/06/Eremite-und-Zeit-Wordpress-300x300.jpg" class="attachment-medium size-medium" alt="" aria-describedby="gallery-1-778" srcset="https://radeksauer.com/wp-content/uploads/2015/06/Eremite-und-Zeit-Wordpress-300x300.jpg 300w, https://radeksauer.com/wp-content/uploads/2015/06/Eremite-und-Zeit-Wordpress-150x150.jpg 150w, https://radeksauer.com/wp-content/uploads/2015/06/Eremite-und-Zeit-Wordpress-620x620.jpg 620w, https://radeksauer.com/wp-content/uploads/2015/06/Eremite-und-Zeit-Wordpress.jpg 830w" sizes="auto, (max-width: 300px) 100vw, 300px" /></a>
			</dt>
				<dd class='wp-caption-text gallery-caption' id='gallery-1-778'>
				Poustevník a čas, vosk a akryl na papíře 58x58cm, 2011
				</dd></dl><br style="clear: both" /><dl class='gallery-item'>
			<dt class='gallery-icon landscape'>
				<a href='https://radeksauer.com/?attachment_id=779'><img loading="lazy" decoding="async" width="300" height="300" src="https://radeksauer.com/wp-content/uploads/2015/06/Eremite-und-Zeit-Variation-des-Ortes-1-Wordpress-300x300.jpg" class="attachment-medium size-medium" alt="" aria-describedby="gallery-1-779" srcset="https://radeksauer.com/wp-content/uploads/2015/06/Eremite-und-Zeit-Variation-des-Ortes-1-Wordpress-300x300.jpg 300w, https://radeksauer.com/wp-content/uploads/2015/06/Eremite-und-Zeit-Variation-des-Ortes-1-Wordpress-150x150.jpg 150w, https://radeksauer.com/wp-content/uploads/2015/06/Eremite-und-Zeit-Variation-des-Ortes-1-Wordpress-620x620.jpg 620w, https://radeksauer.com/wp-content/uploads/2015/06/Eremite-und-Zeit-Variation-des-Ortes-1-Wordpress.jpg 830w" sizes="auto, (max-width: 300px) 100vw, 300px" /></a>
			</dt>
				<dd class='wp-caption-text gallery-caption' id='gallery-1-779'>
				Poustevník a čas &#8211; variace místa I, akryl na lepence 45x45cm, 2011
				</dd></dl><dl class='gallery-item'>
			<dt class='gallery-icon landscape'>
				<a href='https://radeksauer.com/?attachment_id=780'><img loading="lazy" decoding="async" width="300" height="300" src="https://radeksauer.com/wp-content/uploads/2015/06/Eremite-und-Zeit-Variation-des-Ortes2-Wordpress-300x300.jpg" class="attachment-medium size-medium" alt="" aria-describedby="gallery-1-780" srcset="https://radeksauer.com/wp-content/uploads/2015/06/Eremite-und-Zeit-Variation-des-Ortes2-Wordpress-300x300.jpg 300w, https://radeksauer.com/wp-content/uploads/2015/06/Eremite-und-Zeit-Variation-des-Ortes2-Wordpress-150x150.jpg 150w, https://radeksauer.com/wp-content/uploads/2015/06/Eremite-und-Zeit-Variation-des-Ortes2-Wordpress-620x620.jpg 620w, https://radeksauer.com/wp-content/uploads/2015/06/Eremite-und-Zeit-Variation-des-Ortes2-Wordpress.jpg 830w" sizes="auto, (max-width: 300px) 100vw, 300px" /></a>
			</dt>
				<dd class='wp-caption-text gallery-caption' id='gallery-1-780'>
				Poustevník a čas &#8211; variace místa II , akryl na lepence 45x45cm, 2011
				</dd></dl><dl class='gallery-item'>
			<dt class='gallery-icon portrait'>
				<a href='https://radeksauer.com/?attachment_id=781'><img loading="lazy" decoding="async" width="222" height="300" src="https://radeksauer.com/wp-content/uploads/2015/06/Geburt-des-Samans-Wordpress-222x300.jpg" class="attachment-medium size-medium" alt="" aria-describedby="gallery-1-781" srcset="https://radeksauer.com/wp-content/uploads/2015/06/Geburt-des-Samans-Wordpress-222x300.jpg 222w, https://radeksauer.com/wp-content/uploads/2015/06/Geburt-des-Samans-Wordpress.jpg 393w" sizes="auto, (max-width: 222px) 100vw, 222px" /></a>
			</dt>
				<dd class='wp-caption-text gallery-caption' id='gallery-1-781'>
				Zrození šamana, akryl na lepence 21x30cm, 2011
				</dd></dl><dl class='gallery-item'>
			<dt class='gallery-icon landscape'>
				<a href='https://radeksauer.com/?attachment_id=782'><img loading="lazy" decoding="async" width="300" height="197" src="https://radeksauer.com/wp-content/uploads/2015/06/panorama-pro-web01-300x197.jpg" class="attachment-medium size-medium" alt="" aria-describedby="gallery-1-782" srcset="https://radeksauer.com/wp-content/uploads/2015/06/panorama-pro-web01-300x197.jpg 300w, https://radeksauer.com/wp-content/uploads/2015/06/panorama-pro-web01-620x407.jpg 620w, https://radeksauer.com/wp-content/uploads/2015/06/panorama-pro-web01.jpg 950w" sizes="auto, (max-width: 300px) 100vw, 300px" /></a>
			</dt>
				<dd class='wp-caption-text gallery-caption' id='gallery-1-782'>
				Panorama, olej na plátně 115x75cm, diptych, 2011 
				</dd></dl><br style="clear: both" /><dl class='gallery-item'>
			<dt class='gallery-icon landscape'>
				<a href='https://radeksauer.com/?attachment_id=783'><img loading="lazy" decoding="async" width="300" height="197" src="https://radeksauer.com/wp-content/uploads/2015/06/panorama-pro-web02-300x197.jpg" class="attachment-medium size-medium" alt="" aria-describedby="gallery-1-783" srcset="https://radeksauer.com/wp-content/uploads/2015/06/panorama-pro-web02-300x197.jpg 300w, https://radeksauer.com/wp-content/uploads/2015/06/panorama-pro-web02-620x407.jpg 620w, https://radeksauer.com/wp-content/uploads/2015/06/panorama-pro-web02.jpg 950w" sizes="auto, (max-width: 300px) 100vw, 300px" /></a>
			</dt>
				<dd class='wp-caption-text gallery-caption' id='gallery-1-783'>
				Panorama, olej na plátně 115x75cm, diptych, 2011 
				</dd></dl><dl class='gallery-item'>
			<dt class='gallery-icon landscape'>
				<a href='https://radeksauer.com/?attachment_id=784'><img loading="lazy" decoding="async" width="300" height="218" src="https://radeksauer.com/wp-content/uploads/2015/06/Saman´s-Lied-Wordpress-300x218.jpg" class="attachment-medium size-medium" alt="" aria-describedby="gallery-1-784" srcset="https://radeksauer.com/wp-content/uploads/2015/06/Saman´s-Lied-Wordpress-300x218.jpg 300w, https://radeksauer.com/wp-content/uploads/2015/06/Saman´s-Lied-Wordpress-620x451.jpg 620w, https://radeksauer.com/wp-content/uploads/2015/06/Saman´s-Lied-Wordpress.jpg 761w" sizes="auto, (max-width: 300px) 100vw, 300px" /></a>
			</dt>
				<dd class='wp-caption-text gallery-caption' id='gallery-1-784'>
				Šaman s lyrou, akryl na papíře 58x42cm, 2011
				</dd></dl><dl class='gallery-item'>
			<dt class='gallery-icon landscape'>
				<a href='https://radeksauer.com/?attachment_id=785'><img loading="lazy" decoding="async" width="300" height="300" src="https://radeksauer.com/wp-content/uploads/2015/06/Taten-der-Apostel-Wordpress-300x300.jpg" class="attachment-medium size-medium" alt="" aria-describedby="gallery-1-785" srcset="https://radeksauer.com/wp-content/uploads/2015/06/Taten-der-Apostel-Wordpress-300x300.jpg 300w, https://radeksauer.com/wp-content/uploads/2015/06/Taten-der-Apostel-Wordpress-150x150.jpg 150w, https://radeksauer.com/wp-content/uploads/2015/06/Taten-der-Apostel-Wordpress-620x620.jpg 620w, https://radeksauer.com/wp-content/uploads/2015/06/Taten-der-Apostel-Wordpress.jpg 780w" sizes="auto, (max-width: 300px) 100vw, 300px" /></a>
			</dt>
				<dd class='wp-caption-text gallery-caption' id='gallery-1-785'>
				Skutky apoštolů, olej na plátně 180x180cm, 2011
				</dd></dl>
			<br style='clear: both' />
		</div>
