{"id":269,"date":"2014-10-08T21:55:09","date_gmt":"2014-10-08T19:55:09","guid":{"rendered":"http:\/\/radeksauer.wordpress.com\/?page_id=269"},"modified":"2014-10-08T21:55:09","modified_gmt":"2014-10-08T19:55:09","slug":"cv","status":"publish","type":"page","link":"https:\/\/radeksauer.com\/?page_id=269","title":{"rendered":"CV"},"content":{"rendered":"<h2><strong> R<\/strong><strong>adek <\/strong><strong>\u0160<\/strong><strong>auer<br \/>\n<\/strong><\/h2>\n<p><strong>\u00a0\u00a0\u00a0\u00a0\u00a0\u00a0\u00a0\u00a0\u00a0\u00a0\u00a0\u00a0\u00a0\u00a0\u00a0\u00a0\u00a0\u00a0\u00a0\u00a0\u00a0\u00a0\u00a0\u00a0\u00a0\u00a0\u00a0\u00a0\u00a0\u00a0\u00a0\u00a0\u00a0\u00a0\u00a0\u00a0\u00a0\u00a0\u00a0\u00a0\u00a0\u00a0\u00a0\u00a0\u00a0\u00a0\u00a0\u00a0\u00a0\u00a0\u00a0 \u00a0 \u00a0 \u00a0\u00a0 \u00a0<\/strong><\/p>\n<h3><strong><a href=\"http:\/\/radeksauer.com\/wp-content\/uploads\/2014\/10\/kc3bcnstler4.jpg\"><img loading=\"lazy\" decoding=\"async\" class=\"alignnone  wp-image-270\" src=\"http:\/\/radeksauer.com\/wp-content\/uploads\/2014\/10\/kc3bcnstler4.jpg?w=300\" alt=\"k\u00fcnstler4\" width=\"280\" height=\"186\" srcset=\"https:\/\/radeksauer.com\/wp-content\/uploads\/2014\/10\/kc3bcnstler4.jpg 602w, https:\/\/radeksauer.com\/wp-content\/uploads\/2014\/10\/kc3bcnstler4-300x199.jpg 300w\" sizes=\"auto, (max-width: 280px) 100vw, 280px\" \/><\/a><\/strong><\/h3>\n<h3><\/h3>\n<table style=\"height:421px;\" width=\"1337\">\n<tbody>\n<tr>\n<td width=\"272\">\n<h3>2007 bis jetzt \u2013 lebt in Berlin<\/h3>\n<h3>geboren 11.04.1978 in Brno, Tschechische Republik<\/h3>\n<p>&nbsp;<\/p>\n<p>&nbsp;<\/td>\n<td width=\"96\"><\/td>\n<td width=\"252\"><\/td>\n<\/tr>\n<tr>\n<td width=\"272\">\n<h2><span style=\"color:#808080;\">Ausbildung<\/span><\/h2>\n<h3><\/h3>\n<h3><\/h3>\n<h3>1992 \u2013 1996<\/h3>\n<h3><\/h3>\n<p>&nbsp;<\/td>\n<td colspan=\"2\" width=\"347\">\n<h3><\/h3>\n<h3>\u00a0Mittelkunstgewerbeschule \u2013 Fachbereich: M\u00f6bel und Interieurgestaltung, S\u0160U\u0158 Brno<\/h3>\n<\/td>\n<\/tr>\n<tr>\n<td width=\"272\">\n<h3>1996 \u2013 2003<\/h3>\n<h3><\/h3>\n<\/td>\n<td colspan=\"2\" width=\"347\">\n<h3>Hochschule der K\u00fcnste &#8211; Fachbereich: Architektur und Design \u2013 prof. arch. B. \u0160\u00edpek, V\u0160UP Praha<\/h3>\n<h3>Hochschule der K\u00fcnste &#8211; Fachbereich: Architektur II. \u2013 prof. arch. E. Ji\u0159i\u010dn\u00e1, V\u0160UP Praha<\/h3>\n<\/td>\n<\/tr>\n<tr>\n<td width=\"272\"><\/td>\n<td colspan=\"2\" width=\"347\"><\/td>\n<\/tr>\n<\/tbody>\n<\/table>\n<h2><span style=\"color:#808080;\"><strong>Studienaufenthalt<\/strong><\/span><\/h2>\n<table style=\"height:231px;\" width=\"1315\">\n<tbody>\n<tr>\n<td width=\"272\">\n<h3>2001<\/h3>\n<\/td>\n<td width=\"342\">\n<h3>Universit\u00e4t der K\u00fcnste &#8211; Fachbereich: Architektur &#8211; prof. Petr Bayerer, Berlin<\/h3>\n<\/td>\n<\/tr>\n<tr>\n<td width=\"272\">\n<h3>2001 \u2013 2002<\/h3>\n<\/td>\n<td width=\"342\">\n<h3>Hochschule der K\u00fcnste \u2013 Fachbereich: Bildhauerkunst \u2013 prof. J. Ber\u00e1nek, V\u0160UP Praha<\/h3>\n<\/td>\n<\/tr>\n<\/tbody>\n<\/table>\n<p>&nbsp;<\/p>\n<h2><span style=\"color:#808080;\"><strong>Praxis<\/strong><\/span><\/h2>\n<table style=\"height:449px;\" width=\"1324\">\n<tbody>\n<tr>\n<td width=\"272\"><\/td>\n<td width=\"96\"><\/td>\n<td width=\"252\"><\/td>\n<\/tr>\n<tr>\n<td width=\"272\">\n<h3>2003-<\/h3>\n<\/td>\n<td colspan=\"2\" width=\"347\">\n<h3>freiberuflich<\/h3>\n<\/td>\n<\/tr>\n<tr>\n<td width=\"272\">\n<h3>2009 \u2013 2011<\/h3>\n<\/td>\n<td colspan=\"2\" width=\"347\">\n<h3>Lehrer f\u00fcr Zeichen- und Malkurs, Berlin<\/h3>\n<\/td>\n<\/tr>\n<tr>\n<td width=\"272\">\n<h3>2012<\/h3>\n<\/td>\n<td colspan=\"2\" width=\"347\">\n<h3>Kunst-Assistenz bei Dennis Gun<\/h3>\n<\/td>\n<\/tr>\n<tr>\n<td width=\"272\">\n<h3>2012 \u2013 2013<\/h3>\n<\/td>\n<td colspan=\"2\" width=\"347\">\n<h3>Zusammenarbeit mit KunstHalle Frisch<\/h3>\n<\/td>\n<\/tr>\n<tr>\n<td width=\"272\"><\/td>\n<td colspan=\"2\" width=\"347\"><\/td>\n<\/tr>\n<tr>\n<td width=\"272\"><\/td>\n<td colspan=\"2\" width=\"347\"><\/td>\n<\/tr>\n<tr>\n<td width=\"272\"><\/td>\n<td colspan=\"2\" width=\"347\"><\/td>\n<\/tr>\n<\/tbody>\n<\/table>\n","protected":false},"excerpt":{"rendered":"<p>Radek \u0160auer \u00a0\u00a0\u00a0\u00a0\u00a0\u00a0\u00a0\u00a0\u00a0\u00a0\u00a0\u00a0\u00a0\u00a0\u00a0\u00a0\u00a0\u00a0\u00a0\u00a0\u00a0\u00a0\u00a0\u00a0\u00a0\u00a0\u00a0\u00a0\u00a0\u00a0\u00a0\u00a0\u00a0\u00a0\u00a0\u00a0\u00a0\u00a0\u00a0\u00a0\u00a0\u00a0\u00a0\u00a0\u00a0\u00a0\u00a0\u00a0\u00a0\u00a0\u00a0 \u00a0 \u00a0 \u00a0\u00a0 \u00a0 2007 bis jetzt \u2013 lebt in Berlin geboren 11.04.1978 in Brno, Tschechische Republik &nbsp; &nbsp; Ausbildung 1992 \u2013 1996 &nbsp; \u00a0Mittelkunstgewerbeschule \u2013 Fachbereich: M\u00f6bel und Interieurgestaltung, S\u0160U\u0158 Brno 1996 \u2013 2003 Hochschule der K\u00fcnste &#8211; Fachbereich: Architektur und Design \u2013 prof. arch. B. \u0160\u00edpek, V\u0160UP Praha Hochschule der [&hellip;]<\/p>\n","protected":false},"author":1,"featured_media":0,"parent":0,"menu_order":0,"comment_status":"open","ping_status":"open","template":"template-full-width.php","meta":{"footnotes":""},"class_list":["post-269","page","type-page","status-publish","hentry"],"_links":{"self":[{"href":"https:\/\/radeksauer.com\/index.php?rest_route=\/wp\/v2\/pages\/269","targetHints":{"allow":["GET"]}}],"collection":[{"href":"https:\/\/radeksauer.com\/index.php?rest_route=\/wp\/v2\/pages"}],"about":[{"href":"https:\/\/radeksauer.com\/index.php?rest_route=\/wp\/v2\/types\/page"}],"author":[{"embeddable":true,"href":"https:\/\/radeksauer.com\/index.php?rest_route=\/wp\/v2\/users\/1"}],"replies":[{"embeddable":true,"href":"https:\/\/radeksauer.com\/index.php?rest_route=%2Fwp%2Fv2%2Fcomments&post=269"}],"version-history":[{"count":0,"href":"https:\/\/radeksauer.com\/index.php?rest_route=\/wp\/v2\/pages\/269\/revisions"}],"wp:attachment":[{"href":"https:\/\/radeksauer.com\/index.php?rest_route=%2Fwp%2Fv2%2Fmedia&parent=269"}],"curies":[{"name":"wp","href":"https:\/\/api.w.org\/{rel}","templated":true}]}}