{"id":1071,"date":"2015-07-22T18:31:17","date_gmt":"2015-07-22T18:31:17","guid":{"rendered":"http:\/\/radeksauer.com\/?page_id=1071"},"modified":"2023-05-03T16:36:41","modified_gmt":"2023-05-03T16:36:41","slug":"12_komor-ii","status":"publish","type":"page","link":"https:\/\/radeksauer.com\/?page_id=1071&lang=cs","title":{"rendered":"odkl\u00e1d\u00e1n\u00ed x obrazy II."},"content":{"rendered":"\n<div class=\"wp-block-group is-nowrap is-layout-flex wp-container-core-group-is-layout-ad2f72ca wp-block-group-is-layout-flex\">\n<figure class=\"wp-block-gallery has-nested-images columns-default is-cropped wp-block-gallery-1 is-layout-flex wp-block-gallery-is-layout-flex\">\n<figure class=\"wp-block-image size-large\"><a href=\"http:\/\/radeksauer.com\/wp-content\/uploads\/2015\/06\/Gesicht05.jpg\"><img loading=\"lazy\" decoding=\"async\" width=\"1024\" height=\"741\" data-id=\"1104\" src=\"http:\/\/radeksauer.com\/wp-content\/uploads\/2015\/06\/Gesicht05-1024x741.jpg\" alt=\"\" class=\"wp-image-1104\" srcset=\"https:\/\/radeksauer.com\/wp-content\/uploads\/2015\/06\/Gesicht05-1024x741.jpg 1024w, https:\/\/radeksauer.com\/wp-content\/uploads\/2015\/06\/Gesicht05-300x217.jpg 300w, https:\/\/radeksauer.com\/wp-content\/uploads\/2015\/06\/Gesicht05-620x449.jpg 620w\" sizes=\"auto, (max-width: 1024px) 100vw, 1024px\" \/><\/a><\/figure>\n\n\n\n<figure class=\"wp-block-image size-large\"><a href=\"http:\/\/radeksauer.com\/wp-content\/uploads\/2015\/07\/Gesicht041.jpg\"><img loading=\"lazy\" decoding=\"async\" width=\"1024\" height=\"741\" data-id=\"1093\" src=\"http:\/\/radeksauer.com\/wp-content\/uploads\/2015\/07\/Gesicht041-1024x741.jpg\" alt=\"\" class=\"wp-image-1093\" srcset=\"https:\/\/radeksauer.com\/wp-content\/uploads\/2015\/07\/Gesicht041-1024x741.jpg 1024w, https:\/\/radeksauer.com\/wp-content\/uploads\/2015\/07\/Gesicht041-300x217.jpg 300w, https:\/\/radeksauer.com\/wp-content\/uploads\/2015\/07\/Gesicht041-620x449.jpg 620w\" sizes=\"auto, (max-width: 1024px) 100vw, 1024px\" \/><\/a><\/figure>\n\n\n\n<figure class=\"wp-block-image size-large\"><a href=\"http:\/\/radeksauer.com\/wp-content\/uploads\/2015\/07\/Gesicht031.jpg\"><img loading=\"lazy\" decoding=\"async\" width=\"1024\" height=\"741\" data-id=\"1092\" src=\"http:\/\/radeksauer.com\/wp-content\/uploads\/2015\/07\/Gesicht031-1024x741.jpg\" alt=\"\" class=\"wp-image-1092\" srcset=\"https:\/\/radeksauer.com\/wp-content\/uploads\/2015\/07\/Gesicht031-1024x741.jpg 1024w, https:\/\/radeksauer.com\/wp-content\/uploads\/2015\/07\/Gesicht031-300x217.jpg 300w, https:\/\/radeksauer.com\/wp-content\/uploads\/2015\/07\/Gesicht031-620x449.jpg 620w\" sizes=\"auto, (max-width: 1024px) 100vw, 1024px\" \/><\/a><\/figure>\n\n\n\n<figure class=\"wp-block-image size-large\"><a href=\"http:\/\/radeksauer.com\/wp-content\/uploads\/2015\/07\/022.jpg\"><img loading=\"lazy\" decoding=\"async\" width=\"1024\" height=\"741\" data-id=\"1082\" src=\"http:\/\/radeksauer.com\/wp-content\/uploads\/2015\/07\/022-1024x741.jpg\" alt=\"\" class=\"wp-image-1082\" srcset=\"https:\/\/radeksauer.com\/wp-content\/uploads\/2015\/07\/022-1024x741.jpg 1024w, https:\/\/radeksauer.com\/wp-content\/uploads\/2015\/07\/022-300x217.jpg 300w, https:\/\/radeksauer.com\/wp-content\/uploads\/2015\/07\/022-620x449.jpg 620w\" sizes=\"auto, (max-width: 1024px) 100vw, 1024px\" \/><\/a><\/figure>\n\n\n\n<figure class=\"wp-block-image size-large\"><a href=\"http:\/\/radeksauer.com\/wp-content\/uploads\/2015\/07\/032.jpg\"><img loading=\"lazy\" decoding=\"async\" width=\"1024\" height=\"741\" data-id=\"1083\" src=\"http:\/\/radeksauer.com\/wp-content\/uploads\/2015\/07\/032-1024x741.jpg\" alt=\"\" class=\"wp-image-1083\" srcset=\"https:\/\/radeksauer.com\/wp-content\/uploads\/2015\/07\/032-1024x741.jpg 1024w, https:\/\/radeksauer.com\/wp-content\/uploads\/2015\/07\/032-300x217.jpg 300w, https:\/\/radeksauer.com\/wp-content\/uploads\/2015\/07\/032-620x449.jpg 620w\" sizes=\"auto, (max-width: 1024px) 100vw, 1024px\" \/><\/a><\/figure>\n\n\n\n<figure class=\"wp-block-image size-large\"><a href=\"http:\/\/radeksauer.com\/wp-content\/uploads\/2015\/07\/051.jpg\"><img loading=\"lazy\" decoding=\"async\" width=\"1024\" height=\"741\" data-id=\"1085\" src=\"http:\/\/radeksauer.com\/wp-content\/uploads\/2015\/07\/051-1024x741.jpg\" alt=\"\" class=\"wp-image-1085\" srcset=\"https:\/\/radeksauer.com\/wp-content\/uploads\/2015\/07\/051-1024x741.jpg 1024w, https:\/\/radeksauer.com\/wp-content\/uploads\/2015\/07\/051-300x217.jpg 300w, https:\/\/radeksauer.com\/wp-content\/uploads\/2015\/07\/051-620x449.jpg 620w\" sizes=\"auto, (max-width: 1024px) 100vw, 1024px\" \/><\/a><\/figure>\n\n\n\n<figure class=\"wp-block-image size-large\"><a href=\"http:\/\/radeksauer.com\/wp-content\/uploads\/2015\/07\/011.jpg\"><img loading=\"lazy\" decoding=\"async\" width=\"1024\" height=\"741\" data-id=\"1072\" src=\"http:\/\/radeksauer.com\/wp-content\/uploads\/2015\/07\/011-1024x741.jpg\" alt=\"\" class=\"wp-image-1072\" srcset=\"https:\/\/radeksauer.com\/wp-content\/uploads\/2015\/07\/011-1024x741.jpg 1024w, https:\/\/radeksauer.com\/wp-content\/uploads\/2015\/07\/011-300x217.jpg 300w, https:\/\/radeksauer.com\/wp-content\/uploads\/2015\/07\/011-620x449.jpg 620w\" sizes=\"auto, (max-width: 1024px) 100vw, 1024px\" \/><\/a><\/figure>\n\n\n\n<figure class=\"wp-block-image size-large\"><a href=\"http:\/\/radeksauer.com\/wp-content\/uploads\/2015\/07\/06.jpg\"><img loading=\"lazy\" decoding=\"async\" width=\"1024\" height=\"741\" data-id=\"1077\" src=\"http:\/\/radeksauer.com\/wp-content\/uploads\/2015\/07\/06-1024x741.jpg\" alt=\"\" class=\"wp-image-1077\" srcset=\"https:\/\/radeksauer.com\/wp-content\/uploads\/2015\/07\/06-1024x741.jpg 1024w, https:\/\/radeksauer.com\/wp-content\/uploads\/2015\/07\/06-300x217.jpg 300w, https:\/\/radeksauer.com\/wp-content\/uploads\/2015\/07\/06-620x449.jpg 620w\" sizes=\"auto, (max-width: 1024px) 100vw, 1024px\" \/><\/a><\/figure>\n\n\n\n<figure class=\"wp-block-image size-large\"><a href=\"http:\/\/radeksauer.com\/wp-content\/uploads\/2015\/07\/05.jpg\"><img loading=\"lazy\" decoding=\"async\" width=\"1024\" height=\"741\" data-id=\"1076\" src=\"http:\/\/radeksauer.com\/wp-content\/uploads\/2015\/07\/05-1024x741.jpg\" alt=\"\" class=\"wp-image-1076\" srcset=\"https:\/\/radeksauer.com\/wp-content\/uploads\/2015\/07\/05-1024x741.jpg 1024w, https:\/\/radeksauer.com\/wp-content\/uploads\/2015\/07\/05-300x217.jpg 300w, https:\/\/radeksauer.com\/wp-content\/uploads\/2015\/07\/05-620x449.jpg 620w\" sizes=\"auto, (max-width: 1024px) 100vw, 1024px\" \/><\/a><\/figure>\n<\/figure>\n<\/div>\n","protected":false},"excerpt":{"rendered":"","protected":false},"author":1,"featured_media":0,"parent":0,"menu_order":0,"comment_status":"open","ping_status":"open","template":"template-full-width.php","meta":{"footnotes":""},"class_list":["post-1071","page","type-page","status-publish","hentry"],"_links":{"self":[{"href":"https:\/\/radeksauer.com\/index.php?rest_route=\/wp\/v2\/pages\/1071","targetHints":{"allow":["GET"]}}],"collection":[{"href":"https:\/\/radeksauer.com\/index.php?rest_route=\/wp\/v2\/pages"}],"about":[{"href":"https:\/\/radeksauer.com\/index.php?rest_route=\/wp\/v2\/types\/page"}],"author":[{"embeddable":true,"href":"https:\/\/radeksauer.com\/index.php?rest_route=\/wp\/v2\/users\/1"}],"replies":[{"embeddable":true,"href":"https:\/\/radeksauer.com\/index.php?rest_route=%2Fwp%2Fv2%2Fcomments&post=1071"}],"version-history":[{"count":15,"href":"https:\/\/radeksauer.com\/index.php?rest_route=\/wp\/v2\/pages\/1071\/revisions"}],"predecessor-version":[{"id":2222,"href":"https:\/\/radeksauer.com\/index.php?rest_route=\/wp\/v2\/pages\/1071\/revisions\/2222"}],"wp:attachment":[{"href":"https:\/\/radeksauer.com\/index.php?rest_route=%2Fwp%2Fv2%2Fmedia&parent=1071"}],"curies":[{"name":"wp","href":"https:\/\/api.w.org\/{rel}","templated":true}]}}