{"id":800,"date":"2015-06-24T22:34:52","date_gmt":"2015-06-24T22:34:52","guid":{"rendered":"http:\/\/radeksauer.com\/wp-content\/uploads\/2015\/06\/Landschaft-im-Alten-Testament-2-Wordpress.jpg"},"modified":"2015-06-26T08:38:35","modified_gmt":"2015-06-26T08:38:35","slug":"landschaft-im-alten-testament-2-wordpress-3","status":"inherit","type":"attachment","link":"https:\/\/radeksauer.com\/?attachment_id=800","title":{"rendered":"Krajiny Star\u00e9ho z\u00e1kona"},"author":1,"featured_media":0,"comment_status":"closed","ping_status":"closed","template":"","meta":[],"class_list":["post-800","attachment","type-attachment","status-inherit","hentry"],"description":{"rendered":"<p class=\"attachment\"><a href='https:\/\/radeksauer.com\/wp-content\/uploads\/2015\/06\/Landschaft-im-Alten-Testament-2-Wordpress.jpg'><img loading=\"lazy\" decoding=\"async\" width=\"300\" height=\"221\" src=\"https:\/\/radeksauer.com\/wp-content\/uploads\/2015\/06\/Landschaft-im-Alten-Testament-2-Wordpress-300x221.jpg\" class=\"attachment-medium size-medium\" alt=\"\" srcset=\"https:\/\/radeksauer.com\/wp-content\/uploads\/2015\/06\/Landschaft-im-Alten-Testament-2-Wordpress-300x221.jpg 300w, https:\/\/radeksauer.com\/wp-content\/uploads\/2015\/06\/Landschaft-im-Alten-Testament-2-Wordpress-620x457.jpg 620w, https:\/\/radeksauer.com\/wp-content\/uploads\/2015\/06\/Landschaft-im-Alten-Testament-2-Wordpress.jpg 760w\" sizes=\"auto, (max-width: 300px) 100vw, 300px\" \/><\/a><\/p>\n"},"caption":{"rendered":"<p>Krajiny Stareho z\u00e1kona, akry a tu\u0161 na pap\u00ed\u0159e 90&#215;70 cm, 2012<\/p>\n"},"alt_text":"","media_type":"image","mime_type":"image\/jpeg","media_details":{"width":760,"height":560,"file":"2015\/06\/Landschaft-im-Alten-Testament-2-Wordpress.jpg","sizes":{"thumbnail":{"file":"Landschaft-im-Alten-Testament-2-Wordpress-150x150.jpg","width":150,"height":150,"mime_type":"image\/jpeg","source_url":"https:\/\/radeksauer.com\/wp-content\/uploads\/2015\/06\/Landschaft-im-Alten-Testament-2-Wordpress-150x150.jpg"},"medium":{"file":"Landschaft-im-Alten-Testament-2-Wordpress-300x221.jpg","width":300,"height":221,"mime_type":"image\/jpeg","source_url":"https:\/\/radeksauer.com\/wp-content\/uploads\/2015\/06\/Landschaft-im-Alten-Testament-2-Wordpress-300x221.jpg"},"post-thumbnail":{"file":"Landschaft-im-Alten-Testament-2-Wordpress-620x457.jpg","width":620,"height":457,"mime_type":"image\/jpeg","source_url":"https:\/\/radeksauer.com\/wp-content\/uploads\/2015\/06\/Landschaft-im-Alten-Testament-2-Wordpress-620x457.jpg"},"full":{"file":"Landschaft-im-Alten-Testament-2-Wordpress.jpg","width":760,"height":560,"mime_type":"image\/jpeg","source_url":"https:\/\/radeksauer.com\/wp-content\/uploads\/2015\/06\/Landschaft-im-Alten-Testament-2-Wordpress.jpg"}},"image_meta":{"aperture":0,"credit":"","camera":"","caption":"","created_timestamp":0,"copyright":"","focal_length":0,"iso":0,"shutter_speed":0,"title":"","orientation":0}},"post":669,"source_url":"https:\/\/radeksauer.com\/wp-content\/uploads\/2015\/06\/Landschaft-im-Alten-Testament-2-Wordpress.jpg","_links":{"self":[{"href":"https:\/\/radeksauer.com\/index.php?rest_route=\/wp\/v2\/media\/800","targetHints":{"allow":["GET"]}}],"collection":[{"href":"https:\/\/radeksauer.com\/index.php?rest_route=\/wp\/v2\/media"}],"about":[{"href":"https:\/\/radeksauer.com\/index.php?rest_route=\/wp\/v2\/types\/attachment"}],"author":[{"embeddable":true,"href":"https:\/\/radeksauer.com\/index.php?rest_route=\/wp\/v2\/users\/1"}],"replies":[{"embeddable":true,"href":"https:\/\/radeksauer.com\/index.php?rest_route=%2Fwp%2Fv2%2Fcomments&post=800"}],"wp:attached-to":[{"embeddable":true,"post_type":"page","id":669,"href":"https:\/\/radeksauer.com\/index.php?rest_route=\/wp\/v2\/pages\/669"}],"curies":[{"name":"wp","href":"https:\/\/api.w.org\/{rel}","templated":true}]}}

Krajiny Starého zákona

<p>Krajiny Stareho zákona, akry a tuš na papíře 90&#215;70 cm, 2012</p>
