{"id":767,"date":"2015-06-24T21:48:05","date_gmt":"2015-06-24T21:48:05","guid":{"rendered":"http:\/\/radeksauer.com\/wp-content\/uploads\/2015\/06\/Ged\u00e4chtnis-des-Ortes.jpg"},"modified":"2015-06-26T08:19:41","modified_gmt":"2015-06-26T08:19:41","slug":"gedaechtnis-des-ortes-3","status":"inherit","type":"attachment","link":"https:\/\/radeksauer.com\/?attachment_id=767","title":{"rendered":"Pam\u011bt m\u00edsta"},"author":1,"featured_media":0,"comment_status":"closed","ping_status":"closed","template":"","meta":[],"class_list":["post-767","attachment","type-attachment","status-inherit","hentry"],"description":{"rendered":"<p class=\"attachment\"><a href='https:\/\/radeksauer.com\/wp-content\/uploads\/2015\/06\/Ged\u00e4chtnis-des-Ortes.jpg'><img loading=\"lazy\" decoding=\"async\" width=\"296\" height=\"300\" src=\"https:\/\/radeksauer.com\/wp-content\/uploads\/2015\/06\/Ged\u00e4chtnis-des-Ortes-296x300.jpg\" class=\"attachment-medium size-medium\" alt=\"\" srcset=\"https:\/\/radeksauer.com\/wp-content\/uploads\/2015\/06\/Ged\u00e4chtnis-des-Ortes-296x300.jpg 296w, https:\/\/radeksauer.com\/wp-content\/uploads\/2015\/06\/Ged\u00e4chtnis-des-Ortes-620x627.jpg 620w, https:\/\/radeksauer.com\/wp-content\/uploads\/2015\/06\/Ged\u00e4chtnis-des-Ortes.jpg 752w\" sizes=\"auto, (max-width: 296px) 100vw, 296px\" \/><\/a><\/p>\n"},"caption":{"rendered":"<p>Pam\u011bt m\u00edsta, olej na pl\u00e1tn\u011b 180x180cm, 2010<\/p>\n"},"alt_text":"","media_type":"image","mime_type":"image\/jpeg","media_details":{"width":752,"height":761,"file":"2015\/06\/Ged\u00e4chtnis-des-Ortes.jpg","sizes":{"thumbnail":{"file":"Ged\u00e4chtnis-des-Ortes-150x150.jpg","width":150,"height":150,"mime_type":"image\/jpeg","source_url":"https:\/\/radeksauer.com\/wp-content\/uploads\/2015\/06\/Ged\u00e4chtnis-des-Ortes-150x150.jpg"},"medium":{"file":"Ged\u00e4chtnis-des-Ortes-296x300.jpg","width":296,"height":300,"mime_type":"image\/jpeg","source_url":"https:\/\/radeksauer.com\/wp-content\/uploads\/2015\/06\/Ged\u00e4chtnis-des-Ortes-296x300.jpg"},"post-thumbnail":{"file":"Ged\u00e4chtnis-des-Ortes-620x627.jpg","width":620,"height":627,"mime_type":"image\/jpeg","source_url":"https:\/\/radeksauer.com\/wp-content\/uploads\/2015\/06\/Ged\u00e4chtnis-des-Ortes-620x627.jpg"},"full":{"file":"Ged\u00e4chtnis-des-Ortes.jpg","width":752,"height":761,"mime_type":"image\/jpeg","source_url":"https:\/\/radeksauer.com\/wp-content\/uploads\/2015\/06\/Ged\u00e4chtnis-des-Ortes.jpg"}},"image_meta":{"aperture":0,"credit":"","camera":"","caption":"","created_timestamp":0,"copyright":"","focal_length":0,"iso":0,"shutter_speed":0,"title":"","orientation":0}},"post":662,"source_url":"https:\/\/radeksauer.com\/wp-content\/uploads\/2015\/06\/Ged\u00e4chtnis-des-Ortes.jpg","_links":{"self":[{"href":"https:\/\/radeksauer.com\/index.php?rest_route=\/wp\/v2\/media\/767","targetHints":{"allow":["GET"]}}],"collection":[{"href":"https:\/\/radeksauer.com\/index.php?rest_route=\/wp\/v2\/media"}],"about":[{"href":"https:\/\/radeksauer.com\/index.php?rest_route=\/wp\/v2\/types\/attachment"}],"author":[{"embeddable":true,"href":"https:\/\/radeksauer.com\/index.php?rest_route=\/wp\/v2\/users\/1"}],"replies":[{"embeddable":true,"href":"https:\/\/radeksauer.com\/index.php?rest_route=%2Fwp%2Fv2%2Fcomments&post=767"}],"wp:attached-to":[{"embeddable":true,"post_type":"page","id":662,"href":"https:\/\/radeksauer.com\/index.php?rest_route=\/wp\/v2\/pages\/662"}],"curies":[{"name":"wp","href":"https:\/\/api.w.org\/{rel}","templated":true}]}}

http://radeksauer.com/wp-content/uploads/2015/06/Gedächtnis-des-Ortes.jpg

Pamět místa

<p class="attachment"><a href='https://radeksauer.com/wp-content/uploads/2015/06/Gedächtnis-des-Ortes.jpg'><img loading="lazy" decoding="async" width="296" height="300" src="https://radeksauer.com/wp-content/uploads/2015/06/Gedächtnis-des-Ortes-296x300.jpg" class="attachment-medium size-medium" alt="" srcset="https://radeksauer.com/wp-content/uploads/2015/06/Gedächtnis-des-Ortes-296x300.jpg 296w, https://radeksauer.com/wp-content/uploads/2015/06/Gedächtnis-des-Ortes-620x627.jpg 620w, https://radeksauer.com/wp-content/uploads/2015/06/Gedächtnis-des-Ortes.jpg 752w" sizes="auto, (max-width: 296px) 100vw, 296px" /></a></p>

<p>Pamět místa, olej na plátně 180x180cm, 2010</p>

2015/06/Gedächtnis-des-Ortes.jpg

Gedächtnis-des-Ortes-150x150.jpg

https://radeksauer.com/wp-content/uploads/2015/06/Gedächtnis-des-Ortes-150x150.jpg

Gedächtnis-des-Ortes-296x300.jpg

https://radeksauer.com/wp-content/uploads/2015/06/Gedächtnis-des-Ortes-296x300.jpg

Gedächtnis-des-Ortes-620x627.jpg

https://radeksauer.com/wp-content/uploads/2015/06/Gedächtnis-des-Ortes-620x627.jpg

Gedächtnis-des-Ortes.jpg

https://radeksauer.com/wp-content/uploads/2015/06/Gedächtnis-des-Ortes.jpg
